Calculate q(v).
-10
Let h(u) = -u**2 - 9*u + 80. Let j = -3566 - -3566. What is h(j)?
80
Let f(o) = o**2 - o. Let k(n) = 5*n**2 - n**2 - n**2 - 9*n + 3. Let a(z) = z**3 - 2*z**2 + 76*z - 238. Let t be a(3). Let m(r) = t*k(r) + 2*f(r). What is m(4)?
9
Suppose -j = -5*x + 14, -4*j + 4*x + 36 = 7*x. Let m(i) = -27 + i**3 + 0*i + j*i**2 + 3*i + 52 - 28. What is m(-4)?
17
Let l = -202 - -205. Suppose 6*w + w = -l*w. Let u(x) = x - 21. Calculate u(w).
-21
Let o(a) be the second derivative of 11*a**3/3 + 25*a**2/2 + a - 89. What is o(-6)?
-107
Let k(n) = -n**3 + 10*n**2 + 9*n + 5. Let u(m) = m**2 - 9*m - 79. Suppose 16*p = 4*p + 180. Let h be u(p). Determine k(h).
-17
Let k = -3326 + 3321. Let c(u) = 6*u - 16. Calculate c(k).
-46
Let r(u) = 3 - 7*u**2 - 2*u**3 + 3*u**3 + 4 - 3 + 6*u. Let p be 0 - -1 - (14 + -31 - -13). Determine r(p).
-16
Let q be 0/(-1) - 0/18. Suppose 4*x - 12 = -q. Let b(v) = 5*v**2 + 7*v - 9. Let m(g) = 4*g**2 + 6*g - 8. Let w(p) = x*b(p) - 4*m(p). What is w(-4)?
1
Let p(h) = h**2 - 13*h - 13. Suppose 183*s = -164*s + 4511. What is p(s)?
-13
Let b(j) be the second derivative of -j**3/6 + 3*j**2 - 1950*j. Let t be (-3)/4 + 38/8. Calculate b(t).
2
Let t(y) be the first derivative of y**6/360 + 7*y**5/60 + 3*y**4/4 - 4*y**3 - 3*y**2/2 - 197. Let v(q) be the third derivative of t(q). What is v(-13)?
5
Let k(d) = d**3 - 20*d**2 - 9*d + 21. Let q(n) = -n**2 + n + 1. Let v(p) = k(p) - 6*q(p). Give v(15).
15
Suppose 2*p = -d + 7, -6*p - 5*d - 25 = -8*p. Let u(s) = s**2 - 11*s + 5. Calculate u(p).
-25
Let t(j) = -j**3 + 2*j**2 - j + 1. Let z = 8870 - 8868. Give t(z).
-1
Let s(d) = 57*d + 206. Let y(z) = -10*z - 37. Let u(m) = 3*s(m) + 17*y(m). Let p(t) = 3*t - 1. Let c be p(2). Determine u(c).
-6
Let x(f) = -26*f**3 + 0*f**2 - 1 + 0*f**2. Let g be ((-4)/(-12) + 0)*(-252)/(-12). Let h(y) = y**2 + 3*y - 69. Let t be h(g). Calculate x(t).
-27
Let k(p) be the first derivative of p - 136 + 1/3*p**3 + 7/2*p**2. Determine k(-6).
-5
Let n(p) be the second derivative of -p**5/10 + p**4/4 - 4*p**3/3 + 8*p**2 - 1303*p. What is n(2)?
-4
Suppose 4*z - 9*n - 18 = -7*n, 3*z = 2*n + 16. Let o(p) = 2*p**3 - 4*p**2 + p - 1. Give o(z).
1
Let q(l) = -927*l + 412*l - 9 + 521*l - l**3 - 7*l**2. Determine q(-8).
7
Let n(m) = -m**3 + 7*m**2 - 5. Let s(u) = 3281*u**3 - 14 + 19*u - 13*u**2 - 43*u - 3282*u**3. Let a be s(-11). Suppose -28 = -a*b + 28. Give n(b).
-5
Let s(c) = -c**2 + c - 3. Let f = -138 - -142. Suppose 6*g = 11*g + 4*u + 24, 0 = -f*u - 4. Calculate s(g).
-23
Let q(p) = 54583*p**3 + 10 + 10*p - 5 + 54591*p**3 + 9*p**2 - 109173*p**3. Let j = 15 - 23. Calculate q(j).
-11
Suppose -6*f + 65 = -f. Suppose 0 = -z, -4*d - f = -3*z - 5. Let k(m) be the second derivative of -m**4/6 - m**3/2 - m**2/2 - 42*m. Give k(d).
-3
Let h(c) = 37*c**3 - 2*c - 1. Let l be h(-1). Let z be 2/6 + (-1176)/l. Let j = -37 + z. Let y(s) = s**3 + 2*s**2 - 3*s + 1. Determine y(j).
-19
Let c(f) = 67*f**3 - 2*f**2 + 14. Let r(l) = 145*l**3 - 3*l**2 - l + 29. Let h(x) = 13*c(x) - 6*r(x). Give h(6).
-28
Let i(p) be the second derivative of p + 7/12*p**4 + 0 + 7/6*p**3 + 3*p**2 + 1/20*p**5. Suppose m - 3*m = 6*z + 44, -3*m - 12 = 0. Give i(z).
0
Let o(u) be the first derivative of -u**3/3 + 3*u**2 - 3*u - 1. Let r = 78534 - 78530. What is o(r)?
5
Let g(v) = 6*v - 1. Let w(u) = 18*u + 100. Let m(r) = 2*g(r) - w(r). What is m(-13)?
-24
Let s = 10046 + -10043. Let x(b) be the second derivative of -1/12*b**4 - 2*b**2 - 3/2*b**s - 13*b + 0. Determine x(-4).
16
Suppose -c - 10 = -v, -2*v - 4 = c + 18. Let b be (-913)/(-55) + (-2)/(-5). Let a = c + b. Let x(p) = p**3 - 4*p**2 + 4*p - 2. Calculate x(a).
1
Let p = 8268 + -8275. Let w(l) = -l**3 - 4*l**2 + 21*l - 4. Determine w(p).
-4
Let n(c) = 3 - 6*c - 3. Let h(j) = j + 7. Let i be h(-3). Suppose 4*o + 1 + 3 = i*z, 2*o + 4 = 4*z. Calculate n(z).
-6
Let u(z) = -29*z**2 - 23*z - 10. Let y(x) = -9*x**2 - 6*x - 4. Let n(p) = -4*u(p) + 13*y(p). What is n(11)?
21
Let t(w) = -4*w**2 + 3*w**2 - 2*w + 2 - 2*w**2. Let p(s) = -6*s - 10. Let x(d) = -2*d - 2. Let k(o) = -p(o) + 2*x(o). Let a be k(-2). Calculate t(a).
-14
Let g be (-7 + 8)/(18/144). Let h(j) = -j**3 + 5*j**2 + 21*j + 18. Calculate h(g).
-6
Let k(a) = -a**3 + 9*a**2 - 7*a + 12. Let w be k(9). Let s = w - -16. Let n = s + 41. Let f(p) = p**2 - 8*p + 8. Give f(n).
-4
Let r(n) = -11*n**3 + 12*n**2 + 4*n - 1. Let u(x) = -14*x**3 + 14*x**2 + 6*x. Let j(h) = 5*r(h) - 4*u(h). Determine j(-5).
-10
Let l(x) = -4*x - 6. Let r be l(-1). Let n be (-2)/1 + r*(1 + -3). Let k(i) = 64*i**2 + 1 + 4 - 65*i**n + 6*i. What is k(6)?
5
Let y(g) = -g**3 + 14*g**2 - 49*g + 36. Let w be y(9). Let l(j) = j**2 + 8*j + 9. Determine l(w).
9
Let n(d) = -d**2 - 4 + 2*d**2 - 2 - 1326*d - 5 + 1304*d. Calculate n(23).
12
Let w(i) = 2*i**3 + 2*i**2 - 2*i. Let b(q) = -q - 9. Let x be b(-10). Let z be w(x). Let l(c) = -c**z + 7 - c**3 - 5*c**2 - 2*c + 12*c**2. What is l(6)?
-5
Let m(y) = -26*y + 117. Let c(s) = -120*s + 471. Let i(u) = 2*c(u) - 9*m(u). What is i(-18)?
-3
Let o(p) be the third derivative of 4*p - 1/8*p**4 - 7*p**2 + 19/6*p**3 + 0. Give o(8).
-5
Let h(n) = 107*n - 39. Let b(g) = 47*g - 19. Let z(x) = -9*b(x) + 4*h(x). What is z(5)?
40
Let v be (-161 + -10)/(-9) - (-1 + 0). Let i(x) = x**2 - 24*x + 65. Calculate i(v).
-15
Let m(l) be the second derivative of -l**5/20 + 2*l**4/3 - 5*l**3/6 - 4*l**2 + 10*l. Let n be (-127)/(-2) - -7*(-3)/42. Suppose -6*k + 15*k = n. What is m(k)?
6
Suppose -3*k + 38 = -2*d, -3*k - 3*d + 21 = -k. Let q(t) = -k*t + 9*t - 5*t**2 + 4*t**2. Let u be (-38)/133 + 33/(-7). What is q(u)?
-10
Suppose 5*s = -4*b + 27, -4*s + 13 = 4*b - s. Let r(x) = -3*x**3 - 2*x**2 + 6*x + 1. Calculate r(b).
5
Let v = -5557 - -5559. Let b(s) be the third derivative of 0*s + 18*s**v - 1/6*s**3 + 1/120*s**6 + 0 - 1/60*s**5 - 1/6*s**4. Determine b(3).
5
Let t(i) = i**3 - 2*i**2 - 5*i + 5. Suppose 38*o + 210 = -39*o + 518. Determine t(o).
17
Let a(f) = 5*f - 3. Let z(y) = -4*y**2 - 11*y + 55. Let n be z(-5). Let s be (-190)/(-8) - (-1)/4. Suppose 2*x + s = n*x. Determine a(x).
12
Let a(l) = l**2 - 4*l. Suppose -107*b + 120*b = 1092. Let d be 34*3/24 - 21/b. Give a(d).
0
Let p be 363/(-55) - 2/5. Let n(h) = -10*h - h**2 - h + 2604 - 2627. Let l be n(p). Let d(j) = j**3 - 5*j**2 - j + 1. Determine d(l).
-4
Let m(w) be the second derivative of 2*w**3/3 + 23*w**2/2 - 3*w - 3. Let z(r) = 11*r + 67. Let p(n) = -17*m(n) + 6*z(n). Calculate p(7).
-3
Let c(s) = 13*s - 1. Suppose 69 + 399 = -n. Let u = n - -470. Give c(u).
25
Let y(a) = -a + 12. Let m = 4 - 361. Let q = m - -369. What is y(q)?
0
Let g = 12493 + -12477. Let n(y) = y**3 - 16*y**2 + 2*y + 17. Calculate n(g).
49
Let c = 59 + -32. Let a be (-183)/c + (-2)/9. Let b(p) be the first derivative of p**2/2 + p + 212. What is b(a)?
-6
Let p(z) = 13*z**3 - 3*z**2 - 9*z + 12. Let j(r) = 11*r**3 - 3*r**2 - 8*r + 10. Let a(q) = 7*j(q) - 6*p(q). Give a(-5).
58
Let k(h) = h**3 - 3*h**2 - 2*h + 12. Suppose 212*j = 649 - 13. Give k(j).
6
Let t(i) = -i - 8. Let p = -35 + 29. Let w be t(p). Let j(h) = 2*h + 15. Let s(v) = -v - 8. Let b(y) = w*j(y) - 5*s(y). Give b(0).
10
Let w(k) = 2*k**3 - 3 + 6*k**3 - 20*k**3 - 2*k**2 - 2*k + 3*k**3 + 8*k**3. Suppose a = 3*a - 3*p + 19, -19 = -3*a - 5*p. What is w(a)?
1
Let p = -9425 - -9428. Let j(u) be the third derivative of 0*u**4 - 1/120*u**6 + 0 - 26*u**2 - 1/20*u**5 - 2/3*u**p + 0*u. What is j(-3)?
-4
Let i(x) be the second derivative of x**4/6 + 5*x**3/3 + 11*x**2 - 2*x + 2562. Give i(-5).
22
Let x be 6/(-9) - (-174)/18. Suppose 0 = x*p - 16*p + 105. Suppose -a - p = -12. Let z(o) = -o**2 - 1. Determine z(a).
-10
Let h(d) = -771 + 6*d + 126*d**2 - 125*d**2 + 778. Let q(g) = -6*g**2. Let o be q(-1). Determine h(o).
7
Let l(y) = -y**2 + 4*y + 3. Let a be l(0). Let j(i) = 0*i + 2*i**a - 5 + i - i**3 - 7*i**2. Let s(q) = -q + 1. Let t be s(-6). Calculate j(t).
2
Let d(c) = -4 + c**2 - 5*c - 1 - 3. Let q(o) be the first derivative of o**4/4 + 2*o**3 - 4*o**2 - 132. Let t be q(-7). Calculate d(t).
6
Let l(v) = -v**3 + 4*v**2 + 4*v + 5. Let d be l(5). Suppose y = -d*y + 5. Let j(i) = 214 + 216 - 428 + i. Determine j(y).
7
Let v be 0 + 0 + 1 + 1. Suppose 0 = 4*a, -4 = v*z - 4*z + 3*a. Let n(o) = -6 + z*o - 5 + 12 - 5. Give n(5).
6
Let 